e a(1).
-5
Let w(q) = -q**3 + 3*q**2 - 2*q - 1. Suppose 5*f = 22 - 7. Let o(h) = h**2 - h - 2. Let b be o(3). Let g be ((-6)/b)/(f/(-4)). Calculate w(g).
-1
Let i(d) = 5*d - 5. Let m be i(2). Let g(x) = -x - 4. Determine g(m).
-9
Let z(a) = -36*a - 28. Let g(h) = 1 - 5*h + 3 - 7 + h. Let t(i) = -28*g(i) + 3*z(i). Give t(1).
4
Let l(u) = 4*u - u**2 + 7*u - 9*u. Determine l(-2).
-8
Let y(c) = -c + 2. Let p = -6 + 10. Let n(q) = q**2 - 3*q + 5. Let f be n(4). Suppose f = -r + p*r. What is y(r)?
-1
Let v(p) be the third derivative of p**6/180 + p**5/60 + p**4/8 - 2*p**3/3 + p**2. Let w(x) be the first derivative of v(x). Calculate w(-2).
7
Let t(x) = -2*x - 5. Let k be t(-5). Suppose -9 = -k*v - 4. Let n(d) = 11*d**2 - 1. Give n(v).
10
Let x(h) be the third derivative of -h**4/12 - h**3/6 + 73*h**2. Calculate x(-3).
5
Let p(g) be the third derivative of g**5/60 - g**4/4 + 2*g**2. Suppose -h = h + 8. Let a be h + (3 - 0) + 6. Calculate p(a).
-5
Let l(p) = 18*p. Let h(r) = -2*r. Let g(o) = 52*h(o) + 6*l(o). Calculate g(-1).
-4
Let k(j) = j**3 + 7*j**2 + 8. Let t be k(-7). Suppose 0*l + 2*l = t. Let v(z) = -z**2 + 6*z - 1. What is v(l)?
7
Let m(l) = l**3 + 5 + 0 - 4*l**2 - 1 - 6*l. Let q be (7 - 0 - 0) + -2. Suppose 4*x - q = 3*x. Give m(x).
-1
Suppose -v + 0*g - 4 = -2*g, -v = -3*g. Let l(h) = h**3 + 13*h**2 + 13*h + 18. Let b be l(v). Let n(z) = -2*z + 9. What is n(b)?
-3
Let y(h) be the second derivative of -h**4/12 - h**3 - h**2/2 - h. Let n = -9 - -5. What is y(n)?
7
Let f(q) = -q**2 + 4*q + 7. Let w be (-8 - -5) + (10 - 3 - -1). What is f(w)?
2
Let v(r) = -r**3 + 0*r**2 + 3*r + r**2 + 6 - 2*r - 4. Let x be 0/(1 - 9/3). What is v(x)?
2
Let o be (-6)/(-36) - (-46)/12. Suppose 15 = -o*f + f. Let j(n) = -n**3 - 5*n**2 - 2*n - 4. Determine j(f).
6
Let v(x) be the first derivative of -7*x**3/6 + x**2/2 - 2*x + 2. Let f(m) be the first derivative of v(m). Let k(u) = u + 6. Let o be k(-5). What is f(o)?
-6
Suppose -6 = -0*x - 3*x. Let p(d) = 3*d - 2. Let y be p(x). Let m(v) = -v - 1 + y - 4 + 7*v**2 - 4*v**2. Calculate m(-1).
3
Let a(r) be the first derivative of -r**4/4 + 2*r**3 - 5*r**2/2 + 7*r - 6. What is a(5)?
7
Let v(o) = -5*o - 3. Let k(y) = 2*y + 2. Let j(f) = 7*k(f) + 3*v(f). Let p be j(0). Let z(c) = -c**3 + 4*c**2 + 4*c + 1. What is z(p)?
-4
Let v(g) = 4*g. Let r = -26 + 27. What is v(r)?
4
Let i(b) = -5 + 3*b + b + 0 + 1. Give i(3).
8
Let w(m) = -2*m**2 + 4*m - 2. Suppose -12*t - 6 = -15*t. Calculate w(t).
-2
Let u be (224/48)/(2/(-3)). Let p(h) = -h**2 - 6*h + 10. What is p(u)?
3
Suppose -3*z - 24 = -5*j, -z + 7 - 1 = 3*j. Let a(v) = 2*v**2 - 4*v. Give a(j).
6
Let l(a) = a + 6. Let i(n) = n**2 - 7*n + 5. Let j be i(4). Let k be l(j). Let b(p) = 5 + 4*p - 3 - 3. What is b(k)?
-5
Let i(d) = d. Let v(o) be the first derivative of 4*o**3/3 + 3*o**2 + o + 2. Let b(k) = -6*i(k) + v(k). Let r be (-7)/(-35) - (-6)/(-5). Give b(r).
5
Let n(s) = s**3 - 5*s**2 + 3*s + 5. Let q be (4 - 39) + 1 + 2. Let b be 2/(4*(-4)/q). What is n(b)?
1
Let r(t) = -t - 2. Let a(l) = -1. Let f(q) = -q + 8. Let g(x) = -4*a(x) - f(x). Let z be g(7). Suppose -2*d + 8 = z*p, 3*p + p = -2*d + 12. Give r(p).
-6
Let u(v) = 3*v**2 + 22*v - 16. Let r be u(-8). Let k(i) = 0 - i**2 - i**3 + 0*i - 2 - i. Give k(r).
-2
Let t be (-25)/(-6) - 1/6. Let k(v) be the second derivative of -1/2*v**2 + 2*v - 1/3*v**3 + 1/12*v**t + 0. Calculate k(3).
2
Suppose -2*n = 2*n - 20. Suppose -a = -n*l + 4*l, 5*a - l = 0. Let j be 1/((1 + a)*-1). Let k(f) = 5*f**2 - 1. Determine k(j).
4
Let u(p) = -p - 2. Let g be u(6). Let m = 12 + g. Let r(j) = j + 2. Determine r(m).
6
Let b = -13 - -12. Let y(k) = -5*k + 1. Let i(q) = -11*q + 2. Let x(d) = -3*i(d) + 7*y(d). Give x(b).
3
Let b be 1/(-3)*-3 + -2. Let i(g) = -9*g + 5. Let l(m) = m - 1. Let c(s) = i(s) + 6*l(s). What is c(b)?
2
Let t be 1/((-1)/(-3 - -2)). Let c = t + -3. Let x(v) = -v**2 - v + 5. Let y(i) = i**2 - 4. Let q(o) = -2*x(o) - 3*y(o). Calculate q(c).
-6
Let d(n) = 4*n**3 - n**2 + 1. Let p be d(1). Let t(y) = y**3 - 4*y**2 - y - 1. Determine t(p).
-5
Let u(j) = 13. Let z(h) = -7. Let k(l) = -6*u(l) - 11*z(l). Let a = -5 - -9. Let b(p) = -p**3 - p**2 + 3*p - 5. Let y(v) = a*k(v) - b(v). Calculate y(2).
7
Let z(s) = 4*s**2 + 7*s - 7. Let b be z(-3). Let t(f) = -f**2 + 7*f + 5. What is t(b)?
-3
Suppose 2*a - 12 = 5*m, 3*m - m + 3*a + 1 = 0. Let q(d) be the second derivative of d**3/6 - d**2/2 - d. Determine q(m).
-3
Let z(g) = g**3 - 3*g**2 - 3*g - 3. Let y = -24 - -28. Determine z(y).
1
Let p(w) = w**2 - 7*w + 7. Let z(j) = j**3 - j**2 - 3*j - 4. Let d = 1 + 2. Let l be z(d). Calculate p(l).
-3
Let k(x) = 4*x**3 - 25*x**2 - 11*x + 3. Let w(h) = 0*h**3 - h**3 - 1 + 5*h**2 + 4*h + 3*h**2. Let r(s) = -2*k(s) - 7*w(s). Suppose 2*n + 13 = 3. What is r(n)?
6
Let n(b) be the second derivative of b**5/20 - b**4/6 - 2*b**2 + 26*b + 1. Determine n(3).
5
Suppose t + 13 = -0*l + 2*l, -5*l + 25 = -t. Let r(w) = -w - 5. What is r(t)?
0
Let z(j) = 3*j + 3. Let x = -27 + 22. What is z(x)?
-12
Let g = -5 + 28. Let f = -15 + g. Let t(n) = -n**3 + 9*n**2 - 8*n + 1. Give t(f).
1
Let n(h) be the first derivative of h**4/4 + 2*h**3 + 5*h**2/2 - 2*h + 12. Determine n(-5).
-2
Let a(g) be the first derivative of g**4/4 + g**3 + 2*g**2 + 2*g - 14. Suppose -3*k - 2 = 4. Calculate a(k).
-2
Suppose 3*y - 18 = -t - 2*t, -2 = -y. Let m(v) be the second derivative of 3/20*v**5 - 2*v + 0*v**2 + 0*v**t + 0 - 1/6*v**3. Calculate m(1).
2
Let d(o) = -o**3 + 5*o**2 - o - 2. Suppose x - 8 + 22 = 5*s, 0 = -2*s - x. What is d(s)?
8
Let y(l) = -l**3 + l + 2. Let a = -94 - -91. Give y(a).
26
Let a(g) = -4*g**3 - g**2 + g - 1. Let p(q) be the third derivative of -q**4/24 - q**3/3 + 8*q**2. Let v be p(-3). What is a(v)?
-5
Suppose 42 = -7*g - 84. Let j be 4/6 + (-6)/g. Let q(v) = -2*v**3 - v + 1. What is q(j)?
-2
Let y(p) be the first derivative of 0*p - 1/24*p**4 + 0*p**3 - 1/120*p**6 - 1 + p**2 + 1/20*p**5. Let u(n) be the second derivative of y(n). What is u(3)?
-3
Let u(y) = y + 14. Suppose -5*o = -7*o - 12. Calculate u(o).
8
Let m = 1 + -3. Let j(d) = -5*d**2 + 3*d + 4. Let y(r) = 5*r**2 - 2*r - 3. Let c(g) = m*j(g) - 3*y(g). Give c(-1).
-4
Suppose 5*r - 23 = -3*p, p = 4*r - 6 - 9. Let o(w) = w - 2*w + 3*w + p. Suppose b - 2 = -y, -2*y - 3*y + 4 = -b. Determine o(b).
3
Let p = 1 - -3. Suppose 0 = p*t + t. Let u(n) = 0*n + n + t*n. What is u(-4)?
-4
Let h(c) = c. Let g(v) be the first derivative of -1/2*v**2 + 4 + 3*v. Let j(l) = -g(l) + 2*h(l). What is j(3)?
6
Let p(s) = s**3 + s**2 + s. Let k(z) = 5*z**3 + 8*z**2 - 3*z - 6. Let b(x) = k(x) - 4*p(x). Determine b(-5).
4
Let k(i) = -2*i - 1. Let l = -2 + 7. Suppose j + l*n = 5 + 1, -5*j + 4*n = 28. Let q = 1 + j. What is k(q)?
5
Let o(t) = t + 3. Let s(z) = z + 2. Let u(j) = 2*o(j) - 3*s(j). Give u(-6).
6
Let f(q) = q**3 + 4*q**2 + 4*q + 8. Let v(t) = 2*t**3 + 8*t**2 + 9*t + 17. Let w(o) = 9*f(o) - 4*v(o). Let g = 363 - 367. Give w(g).
4
Suppose 4*b = -3*o + 41, 4*b - o + 3*o = 38. Let y(j) = j**2 - 8*j + 11. Calculate y(b).
11
Let l(x) = 5*x**3 - 4*x**2 + 8*x - 5. Let c(w) = -4*w**3 + 4*w**2 - 7*w + 4. Let m(b) = -6*c(b) - 5*l(b). Calculate m(-4).
-7
Let j(m) = 3*m - 4*m - 4*m - 7 + 10. Calculate j(2).
-7
Let g(h) = -4*h. Suppose -5*a - 11 - 16 = -2*k, 2*k - a = 7. Give g(k).
-4
Let d(o) = -o**3 - 4*o**2 + 3*o + 7. Suppose 0 = 5*q - 0*q - 15. Let b = -8 + q. What is d(b)?
17
Let l(s) = s**3 - 6*s**2 - 2. Suppose 4*d = 18 - 2. Suppose t - d = 2. Calculate l(t).
-2
Suppose 0 = 2*s - 5*i + 29, 4*s - 5*i = -13 - 20. Let x(k) = -2*k - 2. Let c(q) = -3*q - 3. Suppose -2*m = -3*m + 4. Let l(v) = m*x(v) - 3*c(v). Calculate l(s).
-1
Let u(n) = -1 + n - 1 + 9. Give u(0).
7
Suppose 5*g = -2 + 17. Let q = g - -1. Suppose -3*v + q*j - 10 = -0*v, -3*v - j - 5 = 0. Let b(y) = y**3 + 2*y**2 + 3*y + 2. Give b(v).
-4
Let a(d) = -2 + 3*d**2 - 2*d + 6*d - 1 - 3*d. Let l(i) = 2*i**2 + 2*i - 3. Let v(y) = 3*a(y) - 4*l(y). Calculate v(5).
3
Let p(a) = -2*a + 4. Let x = -92 + 97. Determine p(x).
-6
Let r(f) = 2*f**2 - f - 1. Let x = -50 + 52. Calculate r(x).
5
Suppose -3*t = 5*n + 9, 3*n - t + 0 = -11. Let y(j) = 3 - 4*j**2 - 7 + 3*j + 6*j**2 + 2. Calculate y(n).
7
Suppose -2*i + 8 = 2*q - 0*q, 3*q = -4*i + 14. Let y(n) be the second derivative of -3